g, 0*n - 19 = -3*n - 5*g. Let t = -72 + 189. What is the greatest common divisor of t and n?
13
Suppose -5*q - k = -99, -4*k = -q - 0 + 3. Calculate the greatest common divisor of 361 and q.
19
Let f = -27 + 33. Let r = 13 - f. What is the greatest common divisor of r and 28?
7
Suppose 2*w + 58 = 6*w - 2*x, 2*w = -4*x + 34. Calculate the highest common factor of w and 15.
15
Suppose 0 = z + 4*z - 120. Let w = -14 + z. Suppose -5*m + 35 = 3*a, 0 = -m + 92 - 91. Calculate the highest common factor of a and w.
10
Suppose 5*r = 4*r + 4. Suppose -4*l + 3*d = -12, 3*l - l - r*d - 6 = 0. Calculate the greatest common divisor of 3 and l.
3
Let u be 2/(-4) - (-1476)/(-24). Let r = u - -65. Calculate the greatest common divisor of 9 and r.
3
Let x = -502 - -522. Calculate the highest common divisor of 1420 and x.
20
Suppose 0 = -2*g - g + 9. Suppose 0*z - 60 = -20*z. Let v = g + z. Calculate the highest common factor of v and 48.
6
Let z be 12/24 - 21/2. Let g = z - 2. Let p = -10 - g. Calculate the highest common factor of p and 5.
1
Suppose 67*i - 72*i + 65 = 0. Calculate the greatest common factor of 39 and i.
13
Suppose -13*p = -3*p - 5750. Suppose -3*i + p - 122 = -2*w, 0 = 2*w - 6. What is the greatest common factor of i and 102?
51
Let t be -2*((-9)/(-2) - -3). Let c be (2 + 1)/(3/1) - t. What is the highest common divisor of 80 and c?
16
Let l = -752 + 833. What is the greatest common divisor of 135 and l?
27
Let w(y) = y**3 + 20*y**2 + 33*y + 10. Let o be w(-18). What is the highest common divisor of 1 and o?
1
Let m be -2 + -1 + 9 + 0. Suppose m*l = l. Let i(o) = o + 16. Let y be i(l). Calculate the greatest common factor of 176 and y.
16
Suppose -r + 5*y = 6*y - 254, 1 = y. What is the greatest common factor of r and 11?
11
Suppose 7*t = 124 + 37. Suppose 7*m + t - 387 = 0. Calculate the greatest common factor of 130 and m.
26
Suppose -2*d - 3*k + 47 = -216, -10 = -2*k. Calculate the highest common factor of 310 and d.
62
Suppose -4*i - 4*k = 30 - 342, -3*i + 233 = 2*k. Suppose 35 = -7*q + 12*q. What is the greatest common divisor of i and q?
7
Let b = 186 + -174. Suppose 0 = 4*n + 3*v, -8*v = n - 3*v + 17. Suppose -n*i + 42 - 6 = 0. What is the greatest common factor of i and b?
12
Let z be (-56)/(-140) - (-1346)/10. What is the greatest common divisor of z and 225?
45
Let q be 6*242/4*1. Suppose -40*r + 45*r = 0, -4*b + 3*r = -132. What is the greatest common divisor of q and b?
33
Let h = -14 - -2. Let a be (0 + -27)*4/h. Calculate the greatest common factor of 81 and a.
9
Let l(m) = -21*m - 78. Let v be l(-10). Calculate the greatest common factor of 66 and v.
66
Suppose 0*y + 4*n = 2*y - 76, 119 = 3*y - 5*n. What is the highest common divisor of y and 32?
16
Let l(b) = -b**2 - 9*b + 2. Let d = -5 - -8. Suppose 0 = d*r + 8 + 13. Let u be l(r). Calculate the highest common factor of u and 48.
16
Let k = 104 + -76. Let z = -69 + 97. Calculate the highest common factor of z and k.
28
Suppose -4*l = 5*v - 8199, 5*v - 1664 = -2*l + 6543. Calculate the greatest common factor of 53 and v.
53
Suppose 4*f = 5*z - 320, 0*f = -5*z + f + 305. Let u(c) = -c**2 + 13*c + 31. Let y be u(13). Let k = y + -19. What is the highest common divisor of k and z?
12
Let v be (1/(-2))/(2/(-8)). Suppose 373*d = 361*d + 96. Calculate the greatest common divisor of d and v.
2
Let b(y) = -10*y + 14. Let s be b(-6). Let q = s - 47. Let u be 472/26 + 10/(-65). What is the greatest common factor of q and u?
9
Let n(i) = 7*i - 1. Let f be n(1). Let p be (-66)/(-18) - (-2)/(-3). Let b be (-6 + 3)/p + 3. Calculate the highest common divisor of b and f.
2
Let r = 1049 + -260. What is the highest common factor of 3 and r?
3
Let q(c) = 133*c**2 - 4*c - 2. Let s be q(-2). Let i = -363 + s. What is the greatest common divisor of 25 and i?
25
Let p be (-7 + 6)*(-2 + -1). Suppose -3*a + 31 = p*w - 8, -2*a + 19 = -5*w. Calculate the greatest common factor of a and 12.
12
Let v = 146 - 105. What is the greatest common divisor of 1 and v?
1
Suppose 0 = 119*c - 108*c - 18656. What is the greatest common divisor of 32 and c?
32
Let z = -22 - -24. Suppose -6 = -n + 4*h + 2, -z*n = 5*h - 16. What is the greatest common divisor of n and 4?
4
Suppose 3*g + g - f = -121, -4*f + 143 = -5*g. Suppose -3*c + 148 = -53. Let r = g + c. What is the highest common factor of 24 and r?
12
Suppose -20*n + 16*n - 436 = -5*s, 5*s + 4*n = 404. Calculate the highest common divisor of 812 and s.
28
Suppose 0 = -5*s + 11 - 1. Suppose s*t - 3 = 3, 2*d = -3*t + 11. Let w be (55/44)/(d/32). Calculate the greatest common divisor of 20 and w.
20
Let d be (-8384)/(-10) + 6/(-15). Let w be 14/105 - d/(-15). Suppose 27*p = -4*p + 4340. What is the greatest common divisor of p and w?
28
Let l = -1357 - -1383. Calculate the highest common factor of l and 169.
13
Let z(j) = -j**2 + 4*j - 1. Let r be z(3). Suppose 16 = 3*h - r*h. Calculate the greatest common divisor of 40 and h.
8
Let g = -9 - -14. Suppose -g*q = -4*u - 4*q + 45, 2*u + q = 27. Let b be 286/52 + 1/2. What is the highest common factor of u and b?
6
Let y(q) = -5*q**2 + 29*q + 52. Let m be y(7). Suppose -w + 859 - 350 = 5*h, 2*h + w = 206. Let x = -51 + h. What is the highest common divisor of x and m?
10
Let s be 3/(-5)*(-35 + -10). Let p = 51 - s. Suppose p + 41 = 5*k. Calculate the highest common divisor of 39 and k.
13
Let y be 25 + -5 - (-4 - 0). Let b be 7/(-21) + 73/3. What is the greatest common factor of b and y?
24
Suppose 5 = -y + 2*f - 2, -y - 3*f + 18 = 0. Suppose -y*s + 139 = -4*k, 0*k - 226 = -5*s + k. What is the greatest common divisor of 45 and s?
45
Suppose 7*y + 97 = 4*l + 2*y, -5*l = 2*y - 113. Suppose -v = -4*v - 5*u - 14, 2*v - 16 = 3*u. Let c = 117 - v. Calculate the greatest common divisor of l and c.
23
Suppose -3*j + 0 - 15 = 0. Let x be ((-8)/(-2))/1 - j. What is the greatest common factor of x and 27?
9
Suppose 25 = 10*q + 5. Suppose 0 = q*h - 3 - 23. Suppose -3*g = -4*b + 422, -g + 136 = 4*b - 278. Calculate the greatest common divisor of b and h.
13
Let b be (54/(-4))/((-54)/288). Let s = -8 + 16. What is the highest common divisor of b and s?
8
Suppose 6*j - 16*j = -520. Let p = 60 - j. What is the greatest common factor of 72 and p?
8
Suppose 5*d - 22 = -2. Let o be (-2 - 2 - 6)*(-74)/d. What is the highest common factor of 74 and o?
37
Let t be ((-18)/(-21))/1*(-26 + 54). Let b = -2 + 7. Let j = b - -1. What is the greatest common divisor of j and t?
6
Let o(j) be the first derivative of j**2 - 3*j - 17. Let f be o(5). Calculate the greatest common divisor of 7 and f.
7
Suppose 0 = 2*d - 90 + 6. Suppose 4*l - 5*l + d = 0. Calculate the highest common divisor of l and 14.
14
Let s be (-22)/(-1) - (-735)/245. Calculate the greatest common factor of s and 1325.
25
Suppose 0*g = 4*g. Let o be 14 - (0 + g)*3/(-6). Calculate the greatest common divisor of o and 70.
14
Let p be (4/(-3))/(6/(-9)). Suppose 0 = 5*w + 5*u - 75, 0 = 4*w - p*u - 2*u - 44. Suppose 0 = -4*k - 25 + 129. What is the greatest common divisor of k and w?
13
Let p = -427 + 446. Let v be (-76)/(-6)*63/6. Calculate the greatest common divisor of v and p.
19
Let w be (3 - (-85)/(-20))/(7/(-1232)). Calculate the highest common factor of 264 and w.
44
Let x = -97 - -167. Let y be (4 + -3)/((-2)/(-52)). Let g = -16 + y. What is the greatest common divisor of x and g?
10
Suppose -g - 4*z + 8 = -2*g, 4 = -5*g + 2*z. Suppose -j + 37 = -2*u - g*u, -5*u - 40 = -j. What is the greatest common divisor of 175 and j?
35
Let m be (36/8)/((-4)/(-8)). What is the greatest common factor of 576 and m?
9
Suppose 3*a - 34 + 25 = 0. What is the greatest common factor of 123 and a?
3
Let p(o) = 7*o**2 + 31*o + 2. Let j be p(-5). Let c be 3*9/12*8/9. Calculate the highest common divisor of j and c.
2
Let i = 17 + -5. Calculate the highest common factor of i and 264.
12
Let b be (336/(-40))/((-4)/10). What is the greatest common divisor of b and 567?
21
Suppose -1479*b = -1465*b - 238. Let j = 16 - -18. Calculate the greatest common divisor of b and j.
17
Let n be 3/(-4 + 87/24). Let t be (n/(-2) - 3) + 10. Calculate the highest common factor of t and 33.
11
Suppose -129*o = -127*o - 288. Calculate the greatest common factor of o and 3.
3
Suppose -270 = 2*f - 5*f. Let x be 82/(-